{"id":185,"date":"2024-10-23T22:08:02","date_gmt":"2024-10-23T22:08:02","guid":{"rendered":"https:\/\/dejandohuellascancun.org\/donativos\/?page_id=185"},"modified":"2024-10-23T22:11:50","modified_gmt":"2024-10-23T22:11:50","slug":"donativos","status":"publish","type":"page","link":"https:\/\/dejandohuellascancun.org\/donativos\/","title":{"rendered":"Donativos"},"content":{"rendered":"\n<header class=\"wp-block-uagb-container uagb-block-20240405 alignfull uagb-is-root-container\">\n<div class=\"wp-block-uagb-advanced-heading uagb-block-d2186283\"><h2 class=\"uagb-heading-text\">Your Attractive Heading<\/h2><\/div>\n<\/header>\n\n\n\n<div class=\"wp-block-uagb-container uagb-block-8ae433e3 alignfull uagb-is-root-container\"><div class=\"uagb-container-inner-blocks-wrap\">\n<div class=\"wp-block-uagb-container uagb-block-df2c9c07\"><\/div>\n\n\n\n<div class=\"wp-block-uagb-container uagb-block-ca205796\"><\/div>\n\n\n\n<div class=\"wp-block-uagb-container uagb-block-92ea2fcd\"><\/div>\n<\/div><\/div>\n\n\n\n<div class=\"wp-block-uagb-container uagb-block-744b7ea1 alignfull uagb-is-root-container\"><div class=\"uagb-container-inner-blocks-wrap\">\n<div class=\"wp-block-uagb-container uagb-block-1bea819a\"><\/div>\n\n\n\n<div class=\"wp-block-uagb-container uagb-block-41cbc644\"><\/div>\n\n\n\n<div class=\"wp-block-uagb-container uagb-block-36175b8d\"><\/div>\n\n\n\n<div class=\"wp-block-uagb-container uagb-block-d3aba534\"><\/div>\n\n\n\n<div class=\"wp-block-uagb-container uagb-block-5d55abd7\"><\/div>\n\n\n\n<div class=\"wp-block-uagb-container uagb-block-0cd8eeb6\"><\/div>\n<\/div><\/div>\n","protected":false},"excerpt":{"rendered":"<p>Your Attractive Heading<\/p>\n","protected":false},"author":4,"featured_media":0,"parent":0,"menu_order":0,"comment_status":"closed","ping_status":"closed","template":"","meta":{"_uag_custom_page_level_css":"","footnotes":""},"class_list":["post-185","page","type-page","status-publish","hentry"],"yoast_head":"<!-- This site is optimized with the Yoast SEO plugin v23.9 - https:\/\/yoast.com\/wordpress\/plugins\/seo\/ -->\n<title>Donativos - Dejando Huellas por Canc\u00fan A.C<\/title>\n<meta name=\"robots\" content=\"index, follow, max-snippet:-1, max-image-preview:large, max-video-preview:-1\" \/>\n<link rel=\"canonical\" href=\"https:\/\/dejandohuellascancun.org\/donativos\/\" \/>\n<meta property=\"og:locale\" content=\"es_MX\" \/>\n<meta property=\"og:type\" content=\"article\" \/>\n<meta property=\"og:title\" content=\"Donativos - Dejando Huellas por Canc\u00fan A.C\" \/>\n<meta property=\"og:description\" content=\"Your Attractive Heading\" \/>\n<meta property=\"og:url\" content=\"https:\/\/dejandohuellascancun.org\/donativos\/\" \/>\n<meta property=\"og:site_name\" content=\"Dejando Huellas por Canc\u00fan A.C\" \/>\n<meta property=\"article:publisher\" content=\"https:\/\/www.facebook.com\/DejandohuellasporCancun.Mx?mibextid=qi2Omg&amp;rdid=9wWKjtggMK6ctcrB&amp;share_url=httpswww.facebook.comshareA8ynWaERPR9WRw6Qmibextidqi2Omg\" \/>\n<meta property=\"article:modified_time\" content=\"2024-10-23T22:11:50+00:00\" \/>\n<meta name=\"twitter:card\" content=\"summary_large_image\" \/>\n<script type=\"application\/ld+json\" class=\"yoast-schema-graph\">{\"@context\":\"https:\/\/schema.org\",\"@graph\":[{\"@type\":\"WebPage\",\"@id\":\"https:\/\/dejandohuellascancun.org\/donativos\/\",\"url\":\"https:\/\/dejandohuellascancun.org\/donativos\/\",\"name\":\"Donativos - Dejando Huellas por Canc\u00fan A.C\",\"isPartOf\":{\"@id\":\"https:\/\/dejandohuellascancun.org\/donativos\/#website\"},\"datePublished\":\"2024-10-23T22:08:02+00:00\",\"dateModified\":\"2024-10-23T22:11:50+00:00\",\"breadcrumb\":{\"@id\":\"https:\/\/dejandohuellascancun.org\/donativos\/#breadcrumb\"},\"inLanguage\":\"es\",\"potentialAction\":[{\"@type\":\"ReadAction\",\"target\":[\"https:\/\/dejandohuellascancun.org\/donativos\/\"]}]},{\"@type\":\"BreadcrumbList\",\"@id\":\"https:\/\/dejandohuellascancun.org\/donativos\/#breadcrumb\",\"itemListElement\":[{\"@type\":\"ListItem\",\"position\":1,\"name\":\"Inicio\",\"item\":\"https:\/\/dejandohuellascancun.org\/donativos\/\"},{\"@type\":\"ListItem\",\"position\":2,\"name\":\"Donativos\"}]},{\"@type\":\"WebSite\",\"@id\":\"https:\/\/dejandohuellascancun.org\/donativos\/#website\",\"url\":\"https:\/\/dejandohuellascancun.org\/donativos\/\",\"name\":\"Donativos\",\"description\":\"Dejando Huella por Canc\u00fan A.C busca mejorar la calidad de vida de perros y gatos en situaciones vulnerables mediante las campa\u00f1as de adopci\u00f3n, esterilizaci\u00f3n, el rescate animal y la concientizaci\u00f3n en la poblaci\u00f3n garantizando el respeto a sus derechos.\",\"publisher\":{\"@id\":\"https:\/\/dejandohuellascancun.org\/donativos\/#organization\"},\"potentialAction\":[{\"@type\":\"SearchAction\",\"target\":{\"@type\":\"EntryPoint\",\"urlTemplate\":\"https:\/\/dejandohuellascancun.org\/donativos\/?s={search_term_string}\"},\"query-input\":{\"@type\":\"PropertyValueSpecification\",\"valueRequired\":true,\"valueName\":\"search_term_string\"}}],\"inLanguage\":\"es\"},{\"@type\":\"Organization\",\"@id\":\"https:\/\/dejandohuellascancun.org\/donativos\/#organization\",\"name\":\"Dejando Huella por Canc\u00fan A.C\",\"url\":\"https:\/\/dejandohuellascancun.org\/donativos\/\",\"logo\":{\"@type\":\"ImageObject\",\"inLanguage\":\"es\",\"@id\":\"https:\/\/dejandohuellascancun.org\/donativos\/#\/schema\/logo\/image\/\",\"url\":\"https:\/\/dejandohuellascancun.org\/donativos\/wp-content\/uploads\/2024\/10\/Logo-Fundacion-Dejando-Huellas-por-Cancun-A.C-1.png\",\"contentUrl\":\"https:\/\/dejandohuellascancun.org\/donativos\/wp-content\/uploads\/2024\/10\/Logo-Fundacion-Dejando-Huellas-por-Cancun-A.C-1.png\",\"width\":250,\"height\":88,\"caption\":\"Dejando Huella por Canc\u00fan A.C\"},\"image\":{\"@id\":\"https:\/\/dejandohuellascancun.org\/donativos\/#\/schema\/logo\/image\/\"},\"sameAs\":[\"https:\/\/www.facebook.com\/DejandohuellasporCancun.Mx?mibextid=qi2Omg&rdid=9wWKjtggMK6ctcrB&share_url=httpswww.facebook.comshareA8ynWaERPR9WRw6Qmibextidqi2Omg\"]}]}<\/script>\n<!-- \/ Yoast SEO plugin. -->","yoast_head_json":{"title":"Donativos - Dejando Huellas por Canc\u00fan A.C","robots":{"index":"index","follow":"follow","max-snippet":"max-snippet:-1","max-image-preview":"max-image-preview:large","max-video-preview":"max-video-preview:-1"},"canonical":"https:\/\/dejandohuellascancun.org\/donativos\/","og_locale":"es_MX","og_type":"article","og_title":"Donativos - Dejando Huellas por Canc\u00fan A.C","og_description":"Your Attractive Heading","og_url":"https:\/\/dejandohuellascancun.org\/donativos\/","og_site_name":"Dejando Huellas por Canc\u00fan A.C","article_publisher":"https:\/\/www.facebook.com\/DejandohuellasporCancun.Mx?mibextid=qi2Omg&rdid=9wWKjtggMK6ctcrB&share_url=httpswww.facebook.comshareA8ynWaERPR9WRw6Qmibextidqi2Omg","article_modified_time":"2024-10-23T22:11:50+00:00","twitter_card":"summary_large_image","schema":{"@context":"https:\/\/schema.org","@graph":[{"@type":"WebPage","@id":"https:\/\/dejandohuellascancun.org\/donativos\/","url":"https:\/\/dejandohuellascancun.org\/donativos\/","name":"Donativos - Dejando Huellas por Canc\u00fan A.C","isPartOf":{"@id":"https:\/\/dejandohuellascancun.org\/donativos\/#website"},"datePublished":"2024-10-23T22:08:02+00:00","dateModified":"2024-10-23T22:11:50+00:00","breadcrumb":{"@id":"https:\/\/dejandohuellascancun.org\/donativos\/#breadcrumb"},"inLanguage":"es","potentialAction":[{"@type":"ReadAction","target":["https:\/\/dejandohuellascancun.org\/donativos\/"]}]},{"@type":"BreadcrumbList","@id":"https:\/\/dejandohuellascancun.org\/donativos\/#breadcrumb","itemListElement":[{"@type":"ListItem","position":1,"name":"Inicio","item":"https:\/\/dejandohuellascancun.org\/donativos\/"},{"@type":"ListItem","position":2,"name":"Donativos"}]},{"@type":"WebSite","@id":"https:\/\/dejandohuellascancun.org\/donativos\/#website","url":"https:\/\/dejandohuellascancun.org\/donativos\/","name":"Donativos","description":"Dejando Huella por Canc\u00fan A.C busca mejorar la calidad de vida de perros y gatos en situaciones vulnerables mediante las campa\u00f1as de adopci\u00f3n, esterilizaci\u00f3n, el rescate animal y la concientizaci\u00f3n en la poblaci\u00f3n garantizando el respeto a sus derechos.","publisher":{"@id":"https:\/\/dejandohuellascancun.org\/donativos\/#organization"},"potentialAction":[{"@type":"SearchAction","target":{"@type":"EntryPoint","urlTemplate":"https:\/\/dejandohuellascancun.org\/donativos\/?s={search_term_string}"},"query-input":{"@type":"PropertyValueSpecification","valueRequired":true,"valueName":"search_term_string"}}],"inLanguage":"es"},{"@type":"Organization","@id":"https:\/\/dejandohuellascancun.org\/donativos\/#organization","name":"Dejando Huella por Canc\u00fan A.C","url":"https:\/\/dejandohuellascancun.org\/donativos\/","logo":{"@type":"ImageObject","inLanguage":"es","@id":"https:\/\/dejandohuellascancun.org\/donativos\/#\/schema\/logo\/image\/","url":"https:\/\/dejandohuellascancun.org\/donativos\/wp-content\/uploads\/2024\/10\/Logo-Fundacion-Dejando-Huellas-por-Cancun-A.C-1.png","contentUrl":"https:\/\/dejandohuellascancun.org\/donativos\/wp-content\/uploads\/2024\/10\/Logo-Fundacion-Dejando-Huellas-por-Cancun-A.C-1.png","width":250,"height":88,"caption":"Dejando Huella por Canc\u00fan A.C"},"image":{"@id":"https:\/\/dejandohuellascancun.org\/donativos\/#\/schema\/logo\/image\/"},"sameAs":["https:\/\/www.facebook.com\/DejandohuellasporCancun.Mx?mibextid=qi2Omg&rdid=9wWKjtggMK6ctcrB&share_url=httpswww.facebook.comshareA8ynWaERPR9WRw6Qmibextidqi2Omg"]}]}},"uagb_featured_image_src":{"full":false,"thumbnail":false,"medium":false,"medium_large":false,"large":false,"1536x1536":false,"2048x2048":false},"uagb_author_info":{"display_name":"Carlos Perez","author_link":"https:\/\/dejandohuellascancun.org\/donativos\/author\/carlangas\/"},"uagb_comment_info":0,"uagb_excerpt":"Your Attractive Heading","_links":{"self":[{"href":"https:\/\/dejandohuellascancun.org\/donativos\/wp-json\/wp\/v2\/pages\/185","targetHints":{"allow":["GET"]}}],"collection":[{"href":"https:\/\/dejandohuellascancun.org\/donativos\/wp-json\/wp\/v2\/pages"}],"about":[{"href":"https:\/\/dejandohuellascancun.org\/donativos\/wp-json\/wp\/v2\/types\/page"}],"author":[{"embeddable":true,"href":"https:\/\/dejandohuellascancun.org\/donativos\/wp-json\/wp\/v2\/users\/4"}],"replies":[{"embeddable":true,"href":"https:\/\/dejandohuellascancun.org\/donativos\/wp-json\/wp\/v2\/comments?post=185"}],"version-history":[{"count":3,"href":"https:\/\/dejandohuellascancun.org\/donativos\/wp-json\/wp\/v2\/pages\/185\/revisions"}],"predecessor-version":[{"id":217,"href":"https:\/\/dejandohuellascancun.org\/donativos\/wp-json\/wp\/v2\/pages\/185\/revisions\/217"}],"wp:attachment":[{"href":"https:\/\/dejandohuellascancun.org\/donativos\/wp-json\/wp\/v2\/media?parent=185"}],"curies":[{"name":"wp","href":"https:\/\/api.w.org\/{rel}","templated":true}]}}